ose 0 = -85*q - 830 + 35170. What are the prime factors of q?
2, 101
Suppose -6*f + 2156 = x - 3095, 0 = -5*x + 5. List the prime factors of f.
5, 7
List the prime factors of 4/(-7) + 26252/28.
937
Suppose -f - 4*f = -100. Suppose -f = -d - 3*d. Suppose 0 = -2*i + 2, -160 = -2*y - 3*y + d*i. List the prime factors of y.
3, 11
Let v(p) = -13*p**2 + 9*p + 4. Let u(o) = -38*o**2 + 26*o + 12. Let x(f) = -6*u(f) + 17*v(f). List the prime factors of x(-3).
2, 17
Let k(o) = -2*o - 23. Let a be k(-13). Let p be 1/(a/30) - 0. Suppose 2*x = 5*z + 107, -48 = -x + 4*z + p. What are the prime factors of x?
2, 23
Let f = 2042 + -1303. List the prime factors of f.
739
Let l(c) = -c**2 - 5*c - 4. Let o be l(-3). Suppose 4*b - 2*b - 6 = 0. Suppose -b*t = 2*z - 64, -2*t - 4*z = o*t - 92. List the prime factors of t.
2, 3
Let k = 60 + 246. List the prime factors of k.
2, 3, 17
Let v be (-1 - 2 - -4)*(-2 + 824). Suppose v + 96 = 6*a. What are the prime factors of a?
3, 17
Suppose 14*u - 2512 = 2668. List the prime factors of u.
2, 5, 37
Let s be 34/6 - 2/3. Let t(g) be the second derivative of 8*g**3/3 - 17*g**2/2 + 130*g. What are the prime factors of t(s)?
3, 7
Let r be 30/(-40) - 58/8. List the prime factors of ((-4)/r*107)/((-3)/(-6)).
107
Let k(i) = i**2 + 2*i + 2. Let v be k(-2). Suppose -v*y - 1688 = 3*y - 3*b, 0 = 3*y - b + 1016. List the prime factors of 7/(-2)*y/35.
2, 17
Let d = 8 + -15. Let x = 81 - 83. Let s = x - d. What are the prime factors of s?
5
Let c(g) = g**3 - 5*g**2 - 6*g - 8. Let d be c(6). Let n = -5 - d. What are the prime factors of (11 - 2) + -3 + n?
3
Let r(a) = -4*a**3 - 4*a**2 + 18*a + 51. What are the prime factors of r(-10)?
3, 13, 89
Let q(k) = 7*k**2 + 19*k + 7. List the prime factors of q(-11).
3, 5, 43
Suppose 5*l + 0*l = 3*t + 19, 2*l = -2*t + 14. What are the prime factors of (200/(-12))/(152/78 - t)?
5, 13
Let h = 17 + -17. Suppose -37 = -3*u + 4*c - h*c, 5*c = 10. List the prime factors of -219*(-5)/u*1.
73
Let n = 2476 + -1408. List the prime factors of n.
2, 3, 89
Suppose 4790 = 16*h - 6426. List the prime factors of h.
701
Let s = -146 + 272. List the prime factors of s.
2, 3, 7
Suppose -39 = 2*g - 9. Let h = 37 + g. Let a = h - 16. What are the prime factors of a?
2, 3
Let p = 608 - 582. List the prime factors of p.
2, 13
Suppose -4*k - 13 = -2*w - 5*k, 3*w - 4*k = -8. Suppose w*o - 23 = 85. Let v = 66 - o. List the prime factors of v.
3, 13
Let k(r) be the third derivative of 0 - 1/10*r**5 + 1/120*r**6 + 0*r - 1/12*r**4 - 7*r**2 - 2/3*r**3. What are the prime factors of k(7)?
31
Let w(x) be the third derivative of x**5/60 - 2*x**4/3 - x**3/2 + x**2. Suppose -m = -3*z - 3*m + 44, -z + 2*m + 28 = 0. List the prime factors of w(z).
3, 11
Let d = -10 - -15. Let f be -2*3/(-6)*41. Suppose d*o - f = 4*o. What are the prime factors of o?
41
Let o(n) = 4*n + 2. Suppose 4*r = r + x - 3, 12 = 4*x. List the prime factors of o(r).
2
Let g = 89 + -87. Suppose 2*q + 2*q = -20, 3*u = g*q + 130. What are the prime factors of u?
2, 5
Suppose -5*z + 9*z = 128. Let h be (z/(-5))/((-5)/25). Suppose 24 + h = 4*a. What are the prime factors of a?
2, 7
What are the prime factors of -4 - (3 + 1 + 3 + -449)?
2, 3, 73
Let t(s) = -3*s - 5. Let q be t(-3). Suppose 0 = -9*i + q*i + 175. What are the prime factors of i?
5, 7
Let l(i) = 3*i**2 - 71*i - 50. List the prime factors of l(26).
2, 3, 11
Let k(i) = -i**2 + 11*i + 15. Let c be k(12). Let m(q) = -q + 4. Let u be m(c). Let a = 3 - u. What are the prime factors of a?
2
Let k(w) = -w**3 + 4*w**2 - w + 20. Let r be k(0). Let s = 6 + -3. Suppose s*x = -r + 236. List the prime factors of x.
2, 3
Let a = -3 - -20. Suppose 2*j + 27 - 105 = -5*h, 4*h + 140 = 3*j. Let l = j - a. List the prime factors of l.
3
Let j(t) = -4*t**3 + 13*t**2 - 16*t - 11. List the prime factors of j(-9).
2, 7, 293
What are the prime factors of (-48)/9 - -6 - (-490)/3?
2, 41
Let c(a) = -17*a + 124. What are the prime factors of c(-14)?
2, 181
Suppose v - 145 = -2*l, 104 - 317 = -3*l + 3*v. Let m = -134 + 89. Let r = l + m. What are the prime factors of r?
3
Suppose 0 = 5*f + 10, 4*f - 43 = -3*n + 171. Let t = 106 - n. List the prime factors of t.
2
Suppose 5*v - 12199 = -25*b + 21*b, -b = 4*v - 9768. What are the prime factors of v?
7, 349
Suppose 0 = -67*q - 22144 + 99529. What are the prime factors of q?
3, 5, 7, 11
Let g(z) = 21*z**2 + 5*z + 1. What are the prime factors of g(-6)?
727
Suppose -939 + 199 = -4*p - 4*n, -p - 3*n = -181. List the prime factors of p.
11, 17
Let j = -100 - -106. Let h(v) = -v**3 + 4*v**2 + 6*v - 3. Let t be h(5). Suppose -28 = -t*q + j. What are the prime factors of q?
17
Let d(y) = -y**3 + 17*y**2 - 22*y - 12. Let h be d(12). Let u = h + -281. What are the prime factors of u?
163
Let l(a) = -a**2 - 8*a - 8. Let z be l(-5). Let f(d) = 3*d**2 - 6*d + 2. Let j be f(z). Suppose -5*y + j = -83. What are the prime factors of y?
2, 19
What are the prime factors of (121/2 + 1)/((-37)/(-592))?
2, 3, 41
Suppose 0 = 3*q - 255 - 249. Suppose 5*n - q - 302 = 0. List the prime factors of n.
2, 47
Let n(l) be the third derivative of -l**5/60 + 3*l**4/8 + l**3/3 + 3*l**2. List the prime factors of n(4).
2, 11
Suppose -4*r + 26 = -2*r + 5*x, 20 = 2*r + 2*x. Suppose -r*f + 6*f = -4. What are the prime factors of 130/(-20)*f*-1?
13
Let q = -10 - -7. Let h be 4/(0 - 1 - q). Suppose 3*s - h*x - 15 - 1 = 0, 0 = -x - 2. What are the prime factors of s?
2
Suppose 2*r + 2*l = -2*r + 38, 3*r - 26 = -l. Suppose r*s - 4*s = 27. What are the prime factors of s?
3
Let j = -12 - -16. Suppose -340 = -j*r + z, 6*r = r + 3*z + 425. List the prime factors of r.
5, 17
Let s be -1*2*1*4/(-4). List the prime factors of (620/16)/(s/16).
2, 5, 31
Suppose -2*d + 2645 = 5*y, 4*y - 3 = -7. List the prime factors of d.
5, 53
Suppose t + 4*i = 186, -7*i + 11*i + 1002 = 5*t. What are the prime factors of t?
2, 3, 11
Let q = -19 + -18. Suppose -20*n = -28*n + 512. Let g = q + n. What are the prime factors of g?
3
Let n be ((-19)/(-3))/(3/54). Let o = -41 + n. List the prime factors of o.
73
List the prime factors of (3 - -146)/(-4 + 5).
149
Let d(a) = -a**3 - 8*a**2 - a - 11. Let q be d(-8). What are the prime factors of q/(-9) - (-1614)/18?
2, 3, 5
Let t = 30 + -18. Let s(a) = -5*a - 6. Let j be s(t). Let p = -33 - j. List the prime factors of p.
3, 11
Suppose k - 2951 = -3*j, j = -78*k + 83*k + 973. List the prime factors of j.
983
Let q(w) = w**2 - 8*w - 10. Let k be q(9). What are the prime factors of ((-54)/4 - k)*-2?
5
Let b be (-66)/(-18)*(-6)/2. Let a = -16 - b. Let c(u) = 2*u**2 - 3*u - 6. List the prime factors of c(a).
59
Let v(k) = 4*k**2 - 10*k - 41. What are the prime factors of v(18)?
5, 43
Let r be -10 + 15 - (2 - 1). Suppose -r*j + 4*o = -2*j - 466, 3*j = -5*o + 754. List the prime factors of j.
3
Let i = -30 - 9. Let c = -644 - -654. List the prime factors of 1 - i - (-10)/c.
41
Let s = -175 - -185. What are the prime factors of s?
2, 5
Let g = -78 - -78. Suppose -3*m + 4*z = -327 - 92, g = -z - 2. What are the prime factors of m?
137
Suppose -3*o + 9 = -2*o + 2*a, a + 20 = 3*o. Let r = o - -9. Let u = r - 11. List the prime factors of u.
5
Let n(q) = -17*q**3 + 4. List the prime factors of n(-4).
2, 3, 7, 13
Let h be (-92)/(-15) - 2/15. Let k(j) = 18*j + 16. List the prime factors of k(h).
2, 31
Let d be (-2)/(-3) - 5278/42. Let q = 275 + d. Suppose 0 = 5*u + n - q, 0*u + 2*n = 2*u - 48. What are the prime factors of u?
29
Let s(z) = -3*z**3 - z**2 + 6*z + 4. List the prime factors of s(-5).
2, 3
List the prime factors of ((-341)/(-33) + -11)/((-2)/2469).
823
Suppose -2*k - 4*f + 2*f - 6 = 0, -6 = -5*k + 2*f. Suppose -j + 0*j + 23 = k. Let l = -14 + j. List the prime factors of l.
3
List the prime factors of (-4)/(-1)*(-4688)/(-32).
2, 293
Let n be -4 - -3 - (-15 + -4). Let x(p) = -p**2 + 7*p + 4. Let r be x(6). Suppose 0 = 4*j + r - n. What are the prime factors of j?
2
Let f = 50 - 36. Let l(n) = n**3 - 14*n**2 + n - 17. Let o be l(f). What are the prime factors of 3 + o/((-6)/44)?
5
Let i = -30 + 34. What are the prime factors of ((-328)/i)/(1/((-1)/2))?
41
Let z(j) = j**2 - 11*j + 14. Let p be z(10). List the prime factors of (-8734)/(-121) + p/(-22).
2, 3
Let v be -2 + (-2 - (-63 - 1)). Suppose -a = -5*s + 3*